68*p - 806 = 255*p. What is the remainder when 1115 is divided by p?
61
Let t(f) = -4*f**2 - f + 3*f**2 - 3 - f**2 + 4*f**2. Suppose -3*q - 11 = 2*b, -q = b + 3*b + 7. Calculate the remainder when 33 is divided by t(q).
15
Suppose -4*h - 18 = -10*h. Let g(x) = 3*x**3 - x**2 - 3*x - 2. Calculate the remainder when g(h) is divided by 16.
13
Let r(o) = -2*o**2 + o + 2. Let v be r(2). Calculate the remainder when 640/(-24)*6/v is divided by 4 - (5 - 2) - -13.
12
Let k(g) = g**3 + 3*g**2 - 7*g - 7. Let l be k(-4). Suppose l*w - 31 - 22 = -p, -3*w + p = -27. Calculate the remainder when w is divided by 3.
1
Let h = -13 - -20. Let p(t) = 3*t - 13. Let m(x) = 9*x - 40. Let j(l) = h*p(l) - 2*m(l). What is the remainder when j(12) is divided by 9?
7
Let m(d) = -7*d - 3. Let c be m(-3). Calculate the remainder when (55/2)/(3/c) is divided by 42.
39
Suppose 3*v + 4*c - 21 = 0, -4*v - c + 4*c + 28 = 0. What is the remainder when 27 is divided by v?
6
Let f(j) = 26*j + 193. Calculate the remainder when f(-6) is divided by 13.
11
Let n = 681 + -637. Calculate the remainder when n is divided by 5.
4
Let g = 33 - 23. Suppose 0 = -2*i + 4*i. Calculate the remainder when 19 - i*1/(-2) is divided by g.
9
Suppose -4*r + r + 6 = 0. Suppose f = -5*l + 13, 0 = r*l - l - 4*f - 11. Calculate the remainder when 7 is divided by l.
1
Suppose 14*x - 116 + 32 = 0. Suppose 0 = -d - 0*d - 2. What is the remainder when 16 - (0 + 1 + d) is divided by x?
5
Let f = -11 + 13. Suppose -2*x = -s - 99, -2*s + 0 = -f. Suppose 3*i + x = 8*i. Calculate the remainder when i is divided by 3.
1
Suppose 281 = -s + 309. Calculate the remainder when 357 is divided by s.
21
Let n = -3 - 2. Let w(a) = 2*a**2 + 6*a + 7. Calculate the remainder when w(n) is divided by 10.
7
Let h be (-3 + -5)/(-1 - -3). Let m be (2/h)/(6/1236). Let c = 154 + m. Calculate the remainder when c is divided by 27.
24
Let w(u) = 3*u - 5. Let f be w(-4). Suppose -210 - 30 = -5*t. What is the remainder when t is divided by 0/(2 + -1) - f?
14
Suppose 5*b = -y - 48, 0 = 4*b - 3*b + y + 8. Let z = b - -12. What is the remainder when 10 is divided by (-3)/3*(z - 5)?
1
Suppose 521*t = 537*t - 1616. Calculate the remainder when t is divided by 56.
45
Let l(s) = s**2 + s + 6. Suppose 0 = -x + 2 + 2. Suppose x + 16 = 4*a. What is the remainder when l(a) is divided by 19?
17
Let s(r) = r**2 - 2*r + 3. Suppose -5*z + 1 = -4. Let c(b) = 78*b**3 + b. What is the remainder when c(z) is divided by s(6)?
25
Suppose -2*o - 1848 = -16*o. Calculate the remainder when o is divided by 67.
65
Let w(f) = -13*f + 159. Calculate the remainder when 90 is divided by w(11).
10
Suppose 2*h - 78 + 16 = 0. Suppose h = 9*j - 5. What is the remainder when 14 is divided by j?
2
Let x be 0/(-2) + (-8 - 7)/(-5). Suppose -5*m + 189 = -s, -m + x*m = 4*s + 72. Calculate the remainder when m is divided by 17.
4
What is the remainder when -144 + 136 - (1 + -197) is divided by 105?
83
Let k be 11694/14 + 10/(-35). Let p(y) = -6*y - 4. What is the remainder when 3/(-4) + k/20 is divided by p(-3)?
13
Let j = 13 - -13. Let p be (-984)/18 + 3/(-9). Let x = -41 - p. What is the remainder when j is divided by x?
12
Let j = 804 - 634. Calculate the remainder when j is divided by 34.
0
Let n = 6 + -3. Suppose -n*a - a - 4*w + 12 = 0, -4*w = -2*a + 18. Suppose -117 = -a*x + 338. What is the remainder when x is divided by 23?
22
Suppose -h + 2*h + 52 = 0. Calculate the remainder when 23 is divided by (-585)/h - 3/(-4).
11
Let g(f) be the first derivative of -f**3/3 - 5*f**2 - 3*f - 2. Let r = -142 - -192. What is the remainder when r is divided by g(-8)?
11
Suppose -4*i = -3*r - 298, -3*r = 31*i - 30*i - 67. What is the remainder when i is divided by 21?
10
Suppose 2*g - u - 11 = -2*u, 5*g + 2*u = 26. Suppose g*z + 177 = 5*z. Let l = 250 - z. What is the remainder when l is divided by 19?
16
Let a(s) = 49*s - 733. What is the remainder when (-14)/(-2) + 0/(-2) is divided by a(15)?
1
Suppose 0 = 35*b - 20*b - 615. What is the remainder when 55 is divided by b?
14
Suppose 2*f + l - 108 = -75, -4*l - 8 = -2*f. Let x = 8 - 17. What is the remainder when f is divided by (-2 - 0)/2 - x?
6
Let t(s) = 28*s - 204. What is the remainder when t(37) is divided by 49?
48
Suppose 3*b - 1 = 44. Suppose -g - g + 114 = 2*l, 0 = -g + 4*l + 57. Calculate the remainder when g is divided by b.
12
Suppose 99 = p + 4*c, 2*c + 587 - 70 = 5*p. Suppose 6*m - 2*m - 88 = 4*n, 2*n + 96 = 4*m. Calculate the remainder when p is divided by m.
25
Suppose -3*u - 253 + 94 = 0. Let a = 111 + u. Calculate the remainder when a is divided by 22.
14
Let m be -18*1*(-2)/6. Suppose -v + m = -8. What is the remainder when 67 is divided by v?
11
Let j = 17 + -15. Let u(n) = n**2 - 3*n - 4*n**2 + j*n**2 + 8*n - 1. What is the remainder when u(4) is divided by 1?
0
Let z = 4 - -111. Let y = z - 3. Calculate the remainder when y is divided by 19.
17
Suppose d + 2*b - 11 = 0, d + 81 = 6*d - 3*b. Calculate the remainder when 102 is divided by d.
12
Suppose -3*i + 5*o = -101, -89 - 74 = -5*i + 3*o. Let b(g) = -2*g - 36. What is the remainder when i is divided by b(-24)?
8
Let m = 278 - 277. What is the remainder when 26 is divided by m?
0
Let h = -37 + 131. Calculate the remainder when h is divided by ((-165)/(-11))/5*11.
28
Suppose -5*c + 182 = 4*q, -5 - 131 = -3*q - 4*c. What is the remainder when 203 is divided by q?
11
Calculate the remainder when 623 is divided by 14152/183 - (-4)/6.
77
Let s = 84 - 74. What is the remainder when 1 - (3 - 0) - -21 is divided by s?
9
Suppose 1 = 2*o + 5*v - 15, 0 = 4*o - 5*v - 62. Suppose 4*h - 44 = 20. What is the remainder when h is divided by o?
3
Let y be -1 + (-1 - -1249)/3. Let s = 705 - y. Suppose 8*h - 3*h - s = 0. What is the remainder when h is divided by 15?
13
Let b(c) = 7*c**2 + 2 + 0 + 3 + c**3 - 1. Let x be b(-8). What is the remainder when 16 is divided by x/(-9) + (-4)/6?
4
Calculate the remainder when 31 is divided by (-24)/(-5 - (-77)/22).
15
Let v be (-4)/(-1) + -2 - (-15 + -67). Let z = v - 46. Calculate the remainder when 149 is divided by z.
35
Suppose 0 = -4*z - 20, 2*z - 20 = -2*x - 0*x. Suppose -24*w = -x*w - 81. Calculate the remainder when 49 is divided by w.
4
Suppose 21*z = 33*z - 1140. What is the remainder when z is divided by 16?
15
Let b = 61 - 107. Let k = 101 + b. Calculate the remainder when k is divided by 14.
13
Suppose 3*o = 0, 5*j + 4*o + o - 200 = 0. Suppose 3*l - 3*f + 360 = -0*l, 2*f = 10. Let k = l + 129. What is the remainder when j is divided by k?
12
Let x(l) = 20*l + 5. Calculate the remainder when x(1) is divided by 16.
9
Suppose -j + 10 = -27. Suppose 3*c - 5*b + 31 = 5*c, -4*b = 2*c - 30. What is the remainder when j is divided by c?
11
Suppose 0 = -m + 3*m - 82. Suppose -10*p = -m - 9. Suppose x - 7 = 2*o, 3*x + 3*o - 33 - 33 = 0. What is the remainder when x is divided by p?
2
Let q(n) = -n**3 - 10*n**2 + 12. Calculate the remainder when q(-11) is divided by 57.
19
Let z = 3 - 1. Suppose -w + 6 = -z. Suppose -r + 23 = w. What is the remainder when r is divided by 9?
6
Let u = 46 + -54. Let t(c) = c + 1. Let f(v) = 3. Let h(p) = -3*f(p) - 3*t(p). Calculate the remainder when 33 is divided by h(u).
9
Let k be ((-12)/9)/((-4)/6). Suppose k*g + j = -g + 31, 3*j = 3*g - 51. Suppose -5*h + g = -158. Calculate the remainder when h is divided by 9.
7
Let f be (-2)/(-4)*(-4 - (-6 + -8)). Suppose g - 150 = -f*d, -2*d - d + 67 = -4*g. Calculate the remainder when 172 is divided by d.
27
Suppose 0 = -17*d - 576 + 2922. Calculate the remainder when d is divided by 14.
12
Let x(t) = 12*t - 564. Calculate the remainder when 340 is divided by x(52).
40
Let y(t) = -4*t - 19. Let o be y(-4). Let l(v) = -15*v + 2. What is the remainder when l(o) is divided by 12?
11
Let x(r) = -r - 3. Let n be -15 + (1 - 0)*3. Calculate the remainder when 23 + 1*(1 - 0) is divided by x(n).
6
Let r(j) = j**3 - 32*j**2 + 61*j - 24. Calculate the remainder when 213 is divided by r(30).
3
What is the remainder when 15 is divided by (42/(-35))/((-15)/50)?
3
Let o(t) = -t**2 + 25*t - 121. What is the remainder when 137 is divided by o(13)?
32
Suppose 0 = u + 4*d - 8, u + 5*d = -0 + 10. Suppose 2*p - 22 + 4 = u. Calculate the remainder when (1770/48 - -14) + 1/8 is d